+ 8*f - 40, -3*f = 15. What is the greatest common divisor of 935 and w?
85
Suppose -1224 = 6*x - 18*x. What is the greatest common factor of x and 30?
6
Let k be ((-48)/30)/(1/5). Let p = k - 6. Let m be ((-72)/p)/((-2)/(-28)). Calculate the greatest common divisor of m and 8.
8
Let j(i) = -79*i**3 + 5*i**2 - 7*i + 2. Let h be j(2). Let z be (-2)/(-15) - h/45. Let m be (-3)/(-2)*56/12. Calculate the highest common factor of z and m.
7
Let o(b) = 44*b**2 - b + 2. Suppose 8 = 4*d - h, 2*h = 3*d - 6*d - 5. Let j be o(d). Calculate the greatest common divisor of j and 5.
5
Let q be (-76)/95*(-1780)/8. What is the highest common divisor of 4 and q?
2
Let y be (-2)/((-4)/202)*2. Suppose 0*p - 2*p = d - y, -483 = -5*p + 3*d. What is the greatest common divisor of 9 and p?
9
Let o(w) = 2*w**3 - 9*w**3 + 0*w**3 + 5*w + 6*w**3 + w**2 - 2. Let r be o(3). Let s be r/(-20) - 231/(-4). Calculate the greatest common factor of 29 and s.
29
Let p(s) = 9*s + 99. Let i be p(-10). Calculate the highest common factor of i and 9.
9
Suppose 4*q + 556 = 5*w, -12 = 7*q - 4*q. Calculate the greatest common divisor of w and 8.
4
Suppose 2*h - 5*f = 10 + 1, -f = -3*h + 10. Let k be (1 - 2 - -1) + 2. Calculate the highest common factor of h and k.
1
Let k(o) = o**3 - 3*o**2 - o + 6. Let s be k(3). Suppose 2*c + s*t + 0*t + 4 = 0, -c + 2*t + 5 = 0. What is the highest common divisor of 6 and c?
1
Suppose 0*j + 4*j = 12. Suppose k - 5*c + 0*c - 46 = 0, c = 5*k - 278. Let i = 89 - k. Calculate the highest common divisor of j and i.
3
Let v be (-10)/((-50)/45) + -3. Let b be (158/(-1)*1)/(-1). Let o = b - 104. What is the greatest common factor of v and o?
6
Suppose -20 = -g - 4*g. Suppose 26 = 2*j + n + 2, -j + 12 = -g*n. What is the greatest common factor of 60 and j?
12
Let c(x) = -12*x - 6. Let k be c(-4). Suppose 5*b - 6*b + 14 = 0. Let u = -8 + b. What is the highest common divisor of k and u?
6
Suppose -4*y + 2 = -74. Let w(z) = -33*z - 4. Let i be w(-3). Calculate the greatest common factor of y and i.
19
Suppose -35*d + 629 + 141 = 0. Calculate the greatest common factor of 1188 and d.
22
Let n(r) be the third derivative of r**5/30 - r**4/24 + 8*r**3/3 + 7*r**2. Let x be n(3). Calculate the highest common factor of x and 62.
31
Suppose 6*j + 13 = 43, -2*c + 3*j + 1955 = 0. Calculate the greatest common divisor of c and 5.
5
Let z be 2/((-12)/9)*2. Let g be (-5)/(z - (-2)/1). Calculate the greatest common factor of 5 and g.
5
Let w be 8 + (-7 - -9)*1726. What is the highest common factor of w and 10?
10
Let q be 7/14*(6 - 4) - -23. Calculate the highest common divisor of 124 and q.
4
Suppose -b + 0*u + 9 = u, -9 = -3*b + 3*u. What is the highest common factor of b and 33?
3
Suppose 14*n = 13*n + 7. Suppose 3*w - 5 = -2. Let p be w + (1 - -49 - 2). Calculate the highest common factor of p and n.
7
Suppose -3195 = -57*v + 52*v. Calculate the greatest common factor of 284 and v.
71
Let s = -10 - -12. Suppose -4*p - s*v = -7*p + 38, 0 = 2*p - 5*v - 18. Let i = 20 - p. What is the greatest common divisor of i and 2?
2
Let v(n) = -16*n**3 - 4*n**2 + 12*n + 68. Let p be v(-4). What is the greatest common divisor of 49 and p?
49
Suppose -4*q - 2*u + 7*u + 6005 = 0, -4*q - 4*u = -5960. Calculate the highest common factor of 65 and q.
65
Let v be -1*9/(-6)*2. Let w(g) = 90*g. Let j be w(v). Calculate the highest common factor of 27 and j.
27
Let s = 767 + -761. Calculate the highest common divisor of 1074 and s.
6
Suppose -5*x + 14 - 9 = 0. Let u be x*(2 - (1 - 76)). What is the greatest common factor of 7 and u?
7
Let w be 16/4 + (-4)/(-2). Suppose w*l = 2*l. Suppose l = a - 4*a + c + 40, 72 = 5*a - 3*c. Calculate the greatest common divisor of a and 12.
12
Let o(y) = -4*y**3 - 3*y**2 + 5*y + 4. Let d be o(-3). Let n(l) = 4*l**2 - 29*l + 135. Let s be n(6). Calculate the highest common factor of s and d.
35
Let d(l) = -24*l - 14. Let o(v) = -v - 1. Let u(t) = d(t) - 5*o(t). Let b be u(-3). What is the highest common factor of 32 and b?
16
Let i be 570/36 - 1/(-6). Let d = i + -9. Let z = d - 1. Calculate the highest common divisor of z and 4.
2
Let a = 5 + 3. Let z(l) = 5*l + 5. Let u be z(a). Calculate the highest common factor of 18 and u.
9
Suppose 7*n + 17 - 3 = 0. Let o be (-1)/(n/16) + -3 + 2. Calculate the highest common factor of 35 and o.
7
Let u(q) = -63*q + 4. Let h be u(2). Let x = h - -302. Suppose -p = 4*p - 90. Calculate the greatest common divisor of p and x.
18
Suppose -2*y + 0*y = 0. Suppose -2*o - 20 + 80 = y. Let d be 1 + 1*1/(-2)*-22. Calculate the greatest common factor of d and o.
6
Let n be (969 - -1)*112/40. Suppose -2*t - n = -2*s - 5*t, -4*s + 5432 = 4*t. Let p be 2/(-3) + s/21. What is the highest common factor of p and 16?
16
Let x = 944 + -514. Calculate the greatest common divisor of x and 172.
86
Let f(b) = -17*b + 40*b - b**3 + 17*b - 10*b**2 + 28. Let d be f(-13). Suppose -206 = -a - 41. What is the highest common factor of d and a?
15
Suppose 0 = -6*z + 8 + 4. Let y(i) = 2*i**2 + 5*i - 3. Let v = -10 + 5. Let l be y(v). Calculate the greatest common divisor of z and l.
2
Let q = 1107 - 447. Calculate the highest common factor of q and 6.
6
Suppose 4*v - 5*a - 97 = 0, -3*v + 6*a = 3*a - 69. Calculate the highest common factor of 1818 and v.
18
Suppose 0 = 4*q - 20 + 4. Let k(z) = -z**2 - z + 5. Let w be k(0). Suppose -q = -w*g + 4*g. What is the greatest common factor of 4 and g?
4
Let a(w) = w**3 + 5*w**2 - 7*w - 4. Let q be a(-6). Suppose -q*p + 39 = d - 6, -68 = -3*p - d. Calculate the highest common divisor of p and 253.
23
Let d = -278 + 467. Calculate the highest common factor of d and 27.
27
Let j = 1389 - 1168. What is the highest common factor of 68 and j?
17
Let j(o) = o**2 + 47*o - 353. Let f be j(-67). What is the greatest common factor of 63 and f?
21
Let f be (-36)/(-5)*(-90)/(-27). Calculate the highest common factor of 6 and f.
6
Let v be -1 - (-10)/1*2. Let b be (-8)/(-16) - (-1071)/6. Suppose -2*r = w - 0*r - b, 0 = 3*w - 3*r - 501. What is the highest common factor of v and w?
19
Let o be 62 + (0 - 2)*-1. Let m = 34 + o. Calculate the greatest common factor of m and 14.
14
Let r = 256 - 214. Calculate the highest common factor of 70 and r.
14
Let i(n) = 4*n + 12. Let j be i(8). Suppose -6*s + 46 + j = 0. Calculate the greatest common divisor of s and 120.
15
Suppose -164 = 2*u + 86. Let n be u/(-10) - (-2)/(-4). Suppose -5*g = g - n. What is the highest common factor of g and 22?
2
Suppose -5*k - 5*q + 585 = 0, 625 = 4*k + k - 3*q. What is the highest common divisor of 61 and k?
61
Suppose -d - 142 = -3*u, 5*u - 2*d = 53 + 184. Let y be (1 - -2)*1081/69. Calculate the greatest common divisor of u and y.
47
Let a(h) = 2*h**3 - 37*h**2 - 8*h - 8. Let n be a(19). Calculate the greatest common factor of 3 and n.
3
Suppose p - 15 = -4*p. Suppose g = p*g + 28. Let q be 4/g + (-220)/(-35). Calculate the highest common divisor of 42 and q.
6
Let m = -372 + 466. Calculate the highest common factor of m and 188.
94
Suppose -f = 5 - 2. Let k = 11 + f. Calculate the highest common factor of k and 64.
8
Suppose -3*g - 61 = -2*g. Suppose 3*y = c - 116, 4*y + 51 = 2*c - 171. Let d = c + g. Calculate the greatest common divisor of d and 8.
8
Let i be -1 + 0 + 7 - -3. Let r be 1874/i - (-20)/(-90). What is the greatest common divisor of 26 and r?
26
Suppose 7*o - 233 = -16. What is the greatest common factor of 31 and o?
31
Let w be ((-22)/(-6))/1 + (-56)/(-168). Suppose h + w*r - 170 = -r, -3*r = -5*h + 794. Calculate the greatest common factor of 32 and h.
32
Let y be 25/125 + 298/10. Calculate the highest common factor of y and 15.
15
Let k(j) = j**3 - 6*j**2 - 2. Let t be k(6). Let u be (1 - t) + (5 - (-129 + 5)). What is the highest common factor of 12 and u?
12
Let a(n) be the first derivative of -n**2/2 + 5*n + 2. Let i be a(-4). Let g = 639 - 630. Calculate the greatest common factor of g and i.
9
Let b(v) = 2*v - 20. Let z be b(8). Let s be ((-44)/55)/(z/30). What is the greatest common factor of s and 72?
6
Suppose 16 = 2*q - 5*f, -2*q + 4*f + 4 + 14 = 0. Suppose 3*l + q = 2*o, -2*l - 18 = -3*o + l. What is the highest common factor of 5 and o?
5
Suppose -b + 33 = 8. Let n = 112 - 57. Let f = -50 + n. What is the greatest com